10
Calculate the highest common divisor of 2968768 and 42944.
704
Calculate the highest common factor of 210 and 20550453.
21
What is the highest common divisor of 1745685 and 1685?
5
What is the highest common divisor of 6153 and 115846633?
2051
Calculate the highest common divisor of 386866234 and 1354.
1354
Calculate the highest common factor of 231405 and 60.
15
Calculate the greatest common divisor of 4 and 5366108.
4
What is the greatest common factor of 810451450 and 100?
50
What is the highest common divisor of 35709851 and 422?
211
Calculate the highest common divisor of 57697393 and 12987.
481
Calculate the highest common divisor of 1791 and 223659.
9
What is the greatest common factor of 1752 and 7218824?
584
What is the greatest common divisor of 10965 and 517905?
255
Calculate the highest common divisor of 943 and 1999365.
41
What is the greatest common factor of 8343 and 10024269?
309
What is the highest common divisor of 13385416 and 8?
8
What is the greatest common factor of 4203042 and 29874?
2298
What is the highest common factor of 3542348 and 5363?
173
Calculate the greatest common factor of 3475754 and 150086.
1486
Calculate the highest common factor of 9711596 and 50.
2
Calculate the greatest common divisor of 27358756 and 8.
4
What is the greatest common factor of 184 and 1481844?
92
What is the greatest common factor of 990 and 28736334?
198
What is the highest common factor of 500088 and 21306?
402
What is the greatest common factor of 20722 and 697307?
13
Calculate the greatest common factor of 36 and 157942647.
9
What is the greatest common divisor of 134009 and 12789?
29
Calculate the greatest common factor of 22720228 and 1168.
292
Calculate the highest common divisor of 295156 and 37516.
452
What is the highest common factor of 607712 and 339584?
224
Calculate the highest common factor of 2071 and 637317.
19
What is the highest common divisor of 73936344 and 81444?
7404
Calculate the greatest common factor of 3048696 and 48024.
1656
What is the highest common factor of 84550 and 215650?
950
Calculate the greatest common factor of 1480882 and 6.
2
What is the greatest common factor of 15213628 and 6797?
971
Calculate the greatest common divisor of 82866 and 19425.
21
What is the greatest common divisor of 1315635 and 173055?
2085
What is the highest common factor of 8418 and 46138692?
366
What is the highest common divisor of 17183162 and 8924?
4462
What is the greatest common factor of 66847 and 515306?
649
What is the highest common factor of 5583756 and 276?
276
Calculate the greatest common divisor of 15730 and 11046230.
130
What is the greatest common factor of 129 and 50093?
1
Calculate the highest common divisor of 242 and 215974.
22
Calculate the highest common divisor of 1586396 and 5724.
212
Calculate the greatest common factor of 1915440 and 119820.
60
Calculate the highest common factor of 148 and 4541972.
148
What is the greatest common divisor of 443048 and 712?
8
What is the highest common factor of 664656 and 767136?
2928
What is the greatest common divisor of 2605 and 118050785?
2605
Calculate the highest common factor of 7512 and 15238092.
3756
Calculate the highest common divisor of 29672958 and 210.
42
What is the greatest common factor of 31813288 and 416?
104
Calculate the greatest common divisor of 147 and 1469959575.
147
What is the highest common factor of 2726869545 and 15?
15
Calculate the highest common divisor of 5065815 and 465.
15
Calculate the greatest common divisor of 40231823 and 163.
163
Calculate the highest common divisor of 331521455 and 5.
5
What is the highest common factor of 36447276 and 12?
12
What is the greatest common factor of 27788618 and 43362?
1606
Calculate the greatest common factor of 551761840 and 16620.
5540
Calculate the greatest common factor of 134 and 60938.
2
What is the greatest common divisor of 23700132 and 697?
41
Calculate the greatest common factor of 80768 and 1506828.
2524
Calculate the greatest common divisor of 1452 and 14067460.
484
What is the greatest common factor of 525380 and 8917?
241
Calculate the greatest common factor of 538935 and 1142164.
1891
Calculate the highest common factor of 3227185 and 2275.
65
What is the greatest common divisor of 50 and 14178850?
50
What is the greatest common divisor of 2366377 and 39?
13
Calculate the greatest common divisor of 306684 and 17888683.
1217
Calculate the highest common factor of 5505966 and 4990.
998
What is the greatest common divisor of 17990640 and 1161?
27
What is the greatest common divisor of 100854 and 47016?
18
What is the greatest common factor of 3551 and 10261385?
67
What is the greatest common divisor of 252484323 and 3570?
357
What is the highest common factor of 202844736 and 42768?
3888
Calculate the highest common divisor of 117416 and 2396.
4
Calculate the highest common divisor of 412887 and 219.
3
What is the greatest common divisor of 3968 and 8903200?
992
Calculate the greatest common factor of 57838 and 1683.
11
Calculate the greatest common factor of 1520230224 and 16239.
16239
Calculate the greatest common divisor of 218892 and 2700654.
2958
Calculate the greatest common divisor of 4962521 and 571778.
4267
What is the greatest common factor of 4539 and 43249105?
1513
What is the greatest common factor of 46916 and 53573?
317
Calculate the highest common factor of 46930 and 272064.
26
Calculate the highest common factor of 2728 and 9757759.
11
What is the highest common factor of 15776617 and 7513?
683
Calculate the highest common divisor of 109977 and 2163.
21
Calculate the greatest common divisor of 136 and 125563944.
8
What is the highest common divisor of 30 and 70908360?
30
What is the greatest common divisor of 58135 and 163555?
35
Calculate the highest common divisor of 5662 and 16444.
2
What is the highest common factor of 45469 and 1345217?
1109
Calculate the greatest common divisor of 117343 and 248975.
433
Calculate the greatest common factor of 182 and 2697254.
14
Calculate the greatest common divisor of 600 and 43048.
8
Calculate the greatest common factor of 15472688 and 231.
77
What is the highest common factor of 230359950 and 1863?
1863
What is the highest common factor of 302333 and 995321?
3397
Calculate the highest common divisor of 180 and 397754340.
60
What is the highest common factor of 1824336 and 1903131?
927
Calculate the greatest common divisor of 253 and 194171032.
11
What is the greatest common divisor of 2667206 and 341923?
1033
What is the greatest common factor of 115286 and 4649?
1
What is the highest common factor of 1217959 and 124?
31
What is the greatest common factor of 4966 and 6073036?
382
What is the highest common divisor of 1034199 and 307444?
761
Calculate the greatest common divisor of 5475150339 and 2417.
2417
Calculate the greatest common divisor of 4785134 and 4906.
446
What is the greatest common divisor of 322 and 2442363?
7
Calculate the greatest common divisor of 10892543 and 1238.
619
What is the highest common divisor of 174860988 and 8298?
2766
Calculate the highest common factor of 28133768 and 845.
169
Calculate the highest common factor of 47735875 and 3575.
275
What is the greatest common factor of 143 and 159676?
11
What is the greatest common factor of 298939795 and 385?
385
What is the greatest common divisor of 4436068 and 56?
28
What is the highest common divisor of 22795 and 268370?
235
What is the greatest common divisor of 39 and 19113?
3
What is the greatest common factor of 48695310 and 370?
10
Calculate the greatest common factor of 86036 and 177724.
628
What is the highest common factor of 3258152 and 612?
68
What is the highest common factor of 55620 and 397580?
2060
Calculate the greatest common divisor of 13583 and 593657.
799
Calculate the highest common factor of 58181 and 557103.
797
Calculate the greatest common divisor of 16820 and 657220.
20
What is the highest common factor of 23808 and 62868?
372
What is the greatest common factor of 810015 and 1545?
15
Calculate the greatest common factor of 263848 and 5235542.
1534
What is the greatest common factor of 74338 and 60698?
682
Calculate the highest common factor of 3 and 719641.
1
What is the greatest common factor of 2643200 and 8920